0391 a composite number?
True
Is 83758124027 a composite number?
False
Is 2121842573 composite?
True
Is 3611455711 composite?
True
Is 49597119499 prime?
False
Is 18289264991 a composite number?
True
Is 19359189259 a composite number?
True
Is 16959780743 a composite number?
False
Is 6696959377 composite?
False
Is 163387349 a prime number?
True
Is 1529045879 prime?
True
Is 11892896653 composite?
True
Is 175341347 prime?
True
Is 20936411 prime?
False
Is 22154177 composite?
False
Is 7338364093 composite?
False
Is 31123555297 a prime number?
True
Is 736462607 a prime number?
False
Is 2847323221 a prime number?
True
Is 2215135033 prime?
True
Is 7746719767 prime?
False
Is 105913552753 prime?
True
Is 17149544437 a composite number?
True
Is 43714218953 a prime number?
True
Is 45462189421 composite?
True
Is 2374341089 composite?
False
Is 56401489891 composite?
False
Is 12129761323 prime?
True
Is 31800117971 a prime number?
True
Is 9806386939 prime?
False
Is 303549473 composite?
False
Is 254601119 a composite number?
False
Is 274392793 composite?
True
Is 2241405209 prime?
True
Is 33328507 prime?
False
Is 20251008733 composite?
True
Is 9207639163 prime?
False
Is 29618077261 a prime number?
False
Is 13997181433 prime?
False
Is 28378768499 a prime number?
True
Is 55227212009 a prime number?
False
Is 147099829 a prime number?
True
Is 27177511727 a composite number?
True
Is 29282642 a prime number?
False
Is 20005773023 composite?
False
Is 117665021 a composite number?
True
Is 6971720953 composite?
False
Is 397622041 a composite number?
True
Is 6368794891 a prime number?
True
Is 6047850629 a prime number?
True
Is 30013282661 prime?
False
Is 4414222927 composite?
True
Is 5504897785 a prime number?
False
Is 481826903 composite?
True
Is 3289045415 a prime number?
False
Is 21190614661 a prime number?
True
Is 16029315647 a composite number?
False
Is 35538403 prime?
True
Is 1020990283 a prime number?
True
Is 217437251 a composite number?
True
Is 7682927849 prime?
False
Is 36640415587 a composite number?
True
Is 51134909953 composite?
True
Is 22901715337 prime?
True
Is 2093657173 composite?
True
Is 128524681 a prime number?
False
Is 196207147685 prime?
False
Is 12166140487 prime?
True
Is 40207531319 prime?
True
Is 705466693 prime?
False
Is 9787930687 a composite number?
False
Is 17238702479 a composite number?
True
Is 14686123741 a composite number?
False
Is 32434099861 prime?
False
Is 82674917 a composite number?
True
Is 456448493 prime?
False
Is 557476747 composite?
False
Is 1183907297 composite?
True
Is 26283818329 composite?
False
Is 18653091449 a prime number?
False
Is 6023233277 prime?
True
Is 32031761 a prime number?
True
Is 24139408637 prime?
False
Is 30853521313 a composite number?
False
Is 25346125027 composite?
True
Is 2124631363 a composite number?
True
Is 34767825415 a composite number?
True
Is 5615967691 a prime number?
True
Is 8752831831 composite?
True
Is 1291543509 composite?
True
Is 37760135549 composite?
False
Is 267444337 prime?
True
Is 884721209 prime?
False
Is 14216325071 a prime number?
False
Is 106261919 composite?
False
Is 2066533405 prime?
False
Is 2655737641 a prime number?
False
Is 9683178433 composite?
True
Is 2813943583 prime?
False
Is 702978043 a composite number?
False
Is 4859677129 a prime number?
True
Is 707065957 prime?
False
Is 34569952957 a composite number?
False
Is 37045808986 prime?
False
Is 12886161793 a composite number?
False
Is 25117741427 a composite number?
True
Is 95879992789 a prime number?
False
Is 2545441957 a prime number?
False
Is 63561833 prime?
False
Is 1543763779 composite?
True
Is 4627903621 a composite number?
True
Is 911793319 a composite number?
True
Is 833901097 a composite number?
False
Is 514563242035 a prime number?
False
Is 3678226469 a composite number?
False
Is 56686753 prime?
False
Is 160877543 prime?
True
Is 32145630053 prime?
True
Is 663856957 composite?
True
Is 66239518453 a prime number?
True
Is 51094529 a prime number?
True
Is 5513321791 a composite number?
False
Is 39972347 composite?
True
Is 21873702079 composite?
False
Is 46146125073 prime?
False
Is 1115772617 prime?
False
Is 5483992883 composite?
True
Is 8703494959 a composite number?
False
Is 74716237 composite?
True
Is 3146269367 a prime number?
False
Is 38410189 composite?
True
Is 335224061 a composite number?
False
Is 23082289221 a composite number?
True
Is 1549563527 composite?
True
Is 95403207421 composite?
False
Is 462116845609 composite?
True
Is 1403024267 prime?
True
Is 980836427 a prime number?
True
Is 5882261701 prime?
False
Is 16902760649 a prime number?
True
Is 84667379167 a composite number?
True
Is 4600678891 a prime number?
False
Is 6412742137 a composite number?
False
Is 5329606307 a composite number?
True
Is 8554376461 a prime number?
False
Is 23690800631 prime?
True
Is 86089510447 a composite number?
True
Is 378709402 a composite number?
True
Is 20319689098 a composite number?
True
Is 751841593 composite?
False
Is 5047610583 a composite number?
True
Is 294139507 a composite number?
False
Is 164119049 composite?
False
Is 5703557777 prime?
True
Is 4823996311 a composite number?
True
Is 92865122367 prime?
False
Is 42207067807 composite?
False
Is 160196873 a composite number?
False
Is 270299249 prime?
False
Is 3041177231 composite?
True
Is 224899613 a composite number?
True
Is 85039658083 a composite number?
True
Is 9903191281 a composite number?
False
Is 17293502857 composite?
False
Is 31040980247 prime?
True
Is 72567739 a composite number?
True
Is 1226424637 prime?
True
Is 954684353 a composite number?
True
Is 7194350521 composite?
True
Is 68345853341 a prime number?
True
Is 21404277719 a composite number?
True
Is 23794070833 composite?
True
Is 23745301487 composite?
False
Is 54933850579 prime?
False
Is 1064903383 composite?
False
Is 1968871517 prime?
True
Is 145450699583 prime?
False
Is 18337030421 a composite number?
False
Is 33171722795 composite?
True
Is 3273333311 a prime number?
True
Is 1819343923 a prime number?
True
Is 13286480371 prime?
False
Is 253507097 a composite number?
False
Is 2548120331 a prime number?
True
Is 12528813823 a prime number?
True
Is 67407349 composite?
False
Is 38948913149 a composite number?
True
Is 1587862721 a composite number?
False
Is 1967797235 a composite number?
True
Is 4820757209 prime?
True
Is 7017440527 a prime number?
True
Is 711027311 a prime number?
False
Is 607482091 prime?
True
Is 5047542259 a prime number?
True
Is 3938791265 a prime number?
False
Is 690824759 a prime number?
True
Is 13136447 prime?
True
Is 558013663 composite?
False
Is 1635843673 a composite number?
True
Is 26795469067 a composite number?
False
Is 2696010461 a prime number?
True
Is 6218725651 composite?
False
Is 4487657 composite?
True
Is 401535659 prime?
False
Is 105654401 a composite number?
False
Is 8026554637 prime?
True
Is 37830033583 a prime number?
True
Is 388827991 a composite number?
False
Is 971089219 a composite number?
False
Is 96255482221 a prime number?
True
Is 45074282927 composite?
False
Is 583940239 a prime number?
False
Is 9552123661 prime?
True
Is 2329176385 composite?
True
Is 114227381 composite?
False
Is 39783542803 a prime number?
True
Is 86976257201 a prime number?
True
Is 2011407263 composite?
False
Is 288351523 composite?
False
Is 31990353313 a prime number?
False
Is 6459676387 prime?
False
Is 272057839 prime?
False
Is 2429259394 prime?
False
Is 738957341 a prime number?
False
Is 1805438849 a prime number?
True
Is 1935788779 prime?
False
Is 450329533 composite?
False
Is 121557251 prime?
False
Is 24905791 a composite number?
False
Is 72573652241 a composite number?
False
Is 288669581 a composite number?
False
Is 505802017 prime?
False
Is 4889166823 composite?
False
Is 26688105905 prime?
False
Is 128183025547 prime?
False
Is 1648675751 prime?
True
Is 19364075209 a composite number?
False
Is 114605383 composite?
True
Is 125609583371 prime?
True
Is 107953639 prime?
False
Is 9154288994 a composite number?
True
Is 5286858151 a prime number?
False
Is 14693841223 a prime number?
False
Is 15739374977 a prime number?
True
Is 90956577527 prime?
False
Is 50134081 composite?
False
Is 607824629 prime?
True
Is 744914785 a composite number?
True
Is 1762963001 prime?
True
Is 349196719 a composite num